of 930 - 10/((-10)/3)?
9
Let z = 0 - 0. Suppose z = -n + 4*n - 6. Suppose 3 + 5 = n*k. What is the units digit of k?
4
Let f = -49 + 119. Suppose g + g + y + 11 = 0, g = 3*y - 23. What is the units digit of (-3)/(-12) - f/g?
9
Let p(v) = -v**3 + 15*v**2 - 19*v + 21. What is the units digit of p(10)?
1
Let t(x) be the first derivative of -x**2/2 + 3*x - 2. Let g be t(5). Let f = 20 + g. What is the units digit of f?
8
Let h be 4 + (2 + -4 - 0). Suppose -5*d - 54 = -h*d. Let r = d + 47. What is the tens digit of r?
2
Let t(r) = -r**3 + 10*r**2 - 7*r + 9. Let m(o) = -o**3 - 7*o**2 - o - 4. Let y be m(-7). Suppose y*c - 18 = c. What is the tens digit of t(c)?
2
Let i(s) = 10*s - 15. Let j(z) = -21*z + 29. Let c(l) = 7*i(l) + 3*j(l). What is the units digit of c(13)?
3
Let t = 48 + -44. Suppose -5*h + 1138 - 8 = -5*c, 5*h - 1125 = t*c. What is the hundreds digit of h?
2
Let l(v) be the third derivative of -v**4/3 - 2*v**3/3 - 27*v**2. Let y be 14/(-3) - (-3)/(-9). What is the tens digit of l(y)?
3
Let p(j) = -j**2 - 8*j - 10. Let y be p(-6). Let g be 5 - (-2 + 4 - y). Suppose -k = -7*h + 2*h + 60, -g*h - 5*k + 60 = 0. What is the tens digit of h?
1
Let i be (-2)/(-2)*-151*(0 + -1). Suppose -4*c - j = -i, 6*j - j = -4*c + 147. What is the tens digit of c?
3
Suppose -4*z + z + 1455 = 4*m, 5*m + 3*z - 1815 = 0. What is the tens digit of m?
6
Suppose 0 = -4*h + 2*h + 36. Suppose q - v - 72 = 5*q, 0 = -q + 3*v - h. What is the units digit of (-6)/q - (-11)/3?
4
Let u = 10 + -8. Let m(t) = 6*t**u + 3*t**2 - 2*t**2. What is the units digit of m(-1)?
7
Suppose -404*b = -400*b - 132. What is the tens digit of b?
3
Suppose 4*p + 2*p = 660. Suppose 2*s - 7*s = -p. What is the tens digit of s?
2
Suppose -i = -0 - 41. Let k = i + 171. What is the tens digit of k?
1
Let a = -14 + 24. Let h be (-30)/(-9)*(-12)/a. Let m(k) = k**3 + 4*k**2 - 6*k - 4. What is the units digit of m(h)?
0
Let k be (-594)/4 - 1/(-2). Let l = k - -256. Suppose -2*t + l = -0*t. What is the tens digit of t?
5
Suppose -27783 = -14*b - 7*b. What is the hundreds digit of b?
3
Suppose w = -3*x + 2195, 0 = -2*x + 2*w + 506 + 944. What is the units digit of x?
0
Let m be (-7 - 5 - -6) + (-1 - 0). What is the tens digit of 10/(-35) + (-464)/m?
6
Let m = -10 - -12. Suppose 2*f + 33 = -2*v + 369, -m*f + 3*v + 361 = 0. What is the tens digit of f?
7
Suppose 0*z + 540 = z. What is the hundreds digit of z?
5
Let c be -4 - -4 - 16/(-4). Suppose -23 - 133 = -c*x. What is the units digit of x?
9
Let r(v) = -11*v + 5. Let i(x) = 34*x - 15. Let s(o) = 6*i(o) + 17*r(o). Let f be s(6). Suppose -6*n - 2*h + f = -n, 3*h = 3. What is the units digit of n?
9
What is the units digit of 4 + 476 + 2/(-2)?
9
Let o = 89 + -165. Let t = 32 - o. What is the hundreds digit of t?
1
Let b(t) = -15*t + 8. Let i(z) = 16*z - 7. Let f(v) = 5*b(v) + 6*i(v). Let r(o) = -2*o**2 - 21*o - 8. Let w be r(-10). What is the tens digit of f(w)?
4
Let z(s) = -16*s + 60. What is the hundreds digit of z(-20)?
3
Suppose -7*p + 1649 = -1277. What is the units digit of p?
8
Let t(y) = -6*y + 33. Let l(p) = -4*p + 22. Let i(n) = -8*l(n) + 5*t(n). Let d(h) = -3*h + 4. Let z be d(-1). What is the units digit of i(z)?
3
Let m(y) = -y**2 + y + 19. Let c be (-8)/20 - (-5)/((-50)/(-4)). What is the tens digit of m(c)?
1
What is the tens digit of 5 - (0 - (95 + -4 + 4))?
0
What is the hundreds digit of (((-988)/(-65))/(-19))/(2/(-4210))?
6
Let m(k) = -k**3 - 12*k**2 + 2*k + 11. Let t be m(-12). Let b = 23 + t. What is the units digit of 230/6 + b/15?
9
Let l = 30 - 21. Let f(s) = 10*s**2 - 50*s + 18. Let y(c) = 7*c**2 - 34*c + 12. Let g(o) = -5*f(o) + 7*y(o). What is the units digit of g(l)?
1
Suppose -24*h = -8*h - 2288. What is the units digit of h?
3
Let u = 4 - -3. Suppose 5*y - 7 = 13. Suppose -y*a + 73 = -u. What is the tens digit of a?
2
Suppose 60*c - 849 = 39771. What is the units digit of c?
7
Suppose -2*o + 18 = o. Let m(q) be the third derivative of q**4/8 - q**3/6 + 8*q**2. What is the tens digit of m(o)?
1
Suppose 1794 = 3*o - 3*g, 105*o + 2984 = 110*o - 2*g. What is the units digit of o?
6
Let b = -11 - -4. Let r(l) = -l**2 - 9*l - 9. Let y be r(b). Suppose -y*h + i = -68, 3*h + i = -0*i + 44. What is the tens digit of h?
1
Suppose -h - 10 = 3*y - 335, 5*y - 2*h = 538. Let l = y + 33. What is the tens digit of l?
4
What is the units digit of (-4)/(-3) - 0 - 183765/(-45)?
5
Let r(y) = 42*y + 139. What is the hundreds digit of r(18)?
8
Suppose -3*t + 4539 = -3*c, 26*t - c = 29*t - 4547. What is the thousands digit of t?
1
Suppose 0 = 2*x - 2*l - 14, -3*x - l = 2*l + 3. Suppose -10 = q - x*q. Suppose 2*n = -0*n - 3*v + 55, -150 = -5*n + q*v. What is the units digit of n?
9
Suppose -3*o - s = -3*s - 335, 5*o - 2*s = 561. What is the units digit of o?
3
Let n be 1/(4/(-7 - -3)). Let f be (n/(-1))/1 - -49. Let q = 82 - f. What is the units digit of q?
2
Let k(g) be the third derivative of g**5/60 + g**4/12 + 2*g**3/3 + 54*g**2. What is the units digit of k(7)?
7
Suppose 0 = -24*j + 19*j + 6615. What is the tens digit of j?
2
Let i(d) = 25*d**2 + 7*d - 15. What is the tens digit of i(10)?
5
Let m(j) = -25*j**3 - j**2 + j + 1. Let k be (-1 - -1)/(3 + -2). Suppose 4*d + 1 + 3 = k. What is the units digit of m(d)?
4
Let z(t) = 510*t**2 - 6*t - 6. What is the units digit of z(-1)?
0
What is the tens digit of (-9002)/(-9) - (-32)/(-144)?
0
Suppose 6*y = 2*y + f - 79, -3*f + 69 = -4*y. Let n = y + 7. Let a(z) = -3*z - 7. What is the units digit of a(n)?
5
Let t = -15 - -17. What is the hundreds digit of ((-524)/8)/(t/(-4))?
1
Suppose 0 = 60*g - 2481 - 759. What is the units digit of g?
4
Suppose -35 + 15 = -4*q. Suppose 3*s + q*s - 200 = 0. Let y = s - -14. What is the tens digit of y?
3
Let j = 105 + 51. What is the units digit of j?
6
Let j = -79 + 79. Suppose 763 = 7*h - j*h. What is the hundreds digit of h?
1
Let c(a) = -32*a**3 - a**2 - a - 1. Let s be c(-1). Let p = s - 12. What is the units digit of p?
9
What is the tens digit of (50/6)/(33/495)?
2
Let n = 4217 - 854. What is the units digit of n?
3
Suppose -19*g + 4 = -18*g. What is the units digit of ((-742)/g)/(-7) - 9/(-6)?
8
Suppose 3*g - 12*g = -36. Suppose -g*l = -870 - 546. What is the units digit of l?
4
Let x be (1 - 0)*(4 - 5). Let r be -3 - (-2 - (74 - x)). Let s = r + -49. What is the tens digit of s?
2
Let p(s) be the first derivative of -4*s - 11 + 13/3*s**3 - 3*s**2 - 1/4*s**4. What is the tens digit of p(12)?
6
Let z be (-4)/(-3)*-1*9. What is the units digit of 1/(-3) + (-544)/z?
5
Let t(j) = -j**2 - 2*j + 7. Suppose 4*h + 36 = -4*g - 8, -7 = 2*h - 3*g. Let b be t(h). Let s = 103 + b. What is the units digit of s?
2
What is the thousands digit of 2132 + (-11 - (3 - (-60)/(-6)))?
2
Suppose 8 = 4*x, -8*g + 1286 = -5*g + x. What is the units digit of g?
8
Suppose 2*s = 4*q + 247 - 15, 3*q + 354 = 3*s. Let r be 5/((-5)/2) - -7. Suppose -r*x = -x - s. What is the tens digit of x?
3
Let i = -266 + 539. Let n = i + -143. What is the tens digit of n?
3
Let g(a) = 11*a + 276. What is the units digit of g(-10)?
6
Let x(z) = -14*z**2 + 15*z**2 + 0 - 2 + z. Let q be x(-2). Suppose -b + 49 - 14 = q. What is the units digit of b?
5
Let s be 3 + -5*4/4. What is the tens digit of (275/15)/(s/(-12))?
1
Suppose -5*k + 2*k = z - 8, 0 = -3*z + 5*k - 4. Suppose -10 = -0*f - z*f. Suppose 0 = -5*v - 3*c + 2 + f, 2*v + 4*c = 0. What is the units digit of v?
2
Let w be 6 + -4 + -1 + 3. Suppose 637 = w*z + 117. What is the tens digit of z?
3
Suppose -8*f - 53 = -1029. Let u = f + 73. What is the tens digit of u?
9
Let s be (-1)/1*3 - 150/10. Let x = s + 30. What is the tens digit of x?
1
Suppose 10*p - p - 36 = 0. Suppose 2*c - 80 = 4*s, p*c - c + 4*s - 140 = 0. What is the units digit of c?
4
Let l be 9/12*4 + -91. Let j = 188 + l. What is the units digit of j?
0
Let q(w) = 27*w + 139. What is the units digit of q(24)?
7
Let v(f) be the third derivative of 19*f**4/24 + 25*f**3/3 + 17*f**2. What is the tens digit of v(8)?
0
Suppose 2*b - 198 = 2*w, w - 396 = -5*b + 99. What is the units digit of b?
9
Let o(b) be the second derivative of -b**5/20 + 13*b**4/12 - 2*b**3 + 5*b**2 + 24*b. What is the tens digit of o(12)?
1
Suppose 24*x - 23*x + 1 = 0, -2*k = -3*x - 619. What is the units digit of k